umber?
True
Is 21451291 prime?
True
Is 13682057 composite?
True
Is 5084629 a composite number?
True
Is 509329 a composite number?
False
Is 81052313 composite?
True
Is 1133358145 prime?
False
Is 2689879 composite?
True
Is 10588313 composite?
False
Is 52117213 a prime number?
True
Is 72599407 prime?
True
Is 100060669 a prime number?
False
Is 71395039 composite?
False
Is 885323 a composite number?
True
Is 83301043 prime?
False
Is 1485929 composite?
True
Is 3489173 a composite number?
False
Is 154598141 a prime number?
True
Is 495024971 prime?
False
Is 48750989 composite?
True
Is 226161499 prime?
True
Is 4504187 a prime number?
True
Is 2604481 a composite number?
True
Is 4254869 prime?
True
Is 38795537 a prime number?
False
Is 37040741 prime?
False
Is 1348415 a composite number?
True
Is 17065957 composite?
False
Is 510331 prime?
True
Is 195135509 a prime number?
True
Is 6856357 a composite number?
False
Is 157805497 a composite number?
False
Is 1656014 prime?
False
Is 3400319 prime?
False
Is 11442251 composite?
False
Is 8180017 a prime number?
True
Is 605939881 composite?
True
Is 122608859 prime?
False
Is 70344817 a composite number?
False
Is 469971743 composite?
True
Is 552511 prime?
True
Is 83243987 composite?
True
Is 73194283 prime?
True
Is 1816619 a prime number?
False
Is 88174483 a prime number?
False
Is 385747 prime?
False
Is 1112173 prime?
False
Is 1294198 a prime number?
False
Is 4124747 a prime number?
False
Is 4821451 prime?
True
Is 60323389 a prime number?
False
Is 10478863 composite?
False
Is 136925923 prime?
False
Is 64841537 prime?
False
Is 34374647 prime?
False
Is 496841 composite?
False
Is 14892289 a composite number?
True
Is 1928089 composite?
True
Is 168001069 a composite number?
False
Is 1137935453 a prime number?
True
Is 1769333 a prime number?
True
Is 417488503 a composite number?
False
Is 1974503 composite?
False
Is 24132937 prime?
True
Is 209939 composite?
False
Is 3372119 prime?
True
Is 7571087 a prime number?
True
Is 27727939 a composite number?
True
Is 12590143 composite?
False
Is 151361707 prime?
False
Is 411677143 a prime number?
True
Is 2380717 composite?
False
Is 109274801 a prime number?
False
Is 2155451 a prime number?
True
Is 29157991 prime?
True
Is 4039283 a composite number?
True
Is 441454627 a composite number?
False
Is 19971001 prime?
False
Is 64920617 a composite number?
False
Is 2039761 a composite number?
False
Is 26612249 a prime number?
False
Is 19226659 composite?
False
Is 11448353 a prime number?
False
Is 8159939 prime?
True
Is 7069927 composite?
True
Is 9056461 composite?
True
Is 4815773 composite?
False
Is 147147953 a prime number?
True
Is 1545449 composite?
False
Is 29272163 prime?
False
Is 414088811 a prime number?
False
Is 22059647 prime?
True
Is 56064403 a composite number?
True
Is 4089823 prime?
True
Is 2661521 prime?
False
Is 624311 a prime number?
True
Is 2056069 prime?
True
Is 142232219 a composite number?
False
Is 361349 composite?
False
Is 124794487 composite?
False
Is 2503763 prime?
False
Is 616709 composite?
True
Is 18144095 a prime number?
False
Is 2584661 composite?
False
Is 49993789 a composite number?
True
Is 12946403 a prime number?
False
Is 2036849 a composite number?
True
Is 823981045 a composite number?
True
Is 151154989 prime?
False
Is 19062571 composite?
True
Is 3842669 prime?
True
Is 1910929 composite?
True
Is 8092313 composite?
True
Is 578089 a prime number?
False
Is 19733459 composite?
False
Is 159516667 a composite number?
False
Is 18156037 composite?
True
Is 16129654 a prime number?
False
Is 147152039 a prime number?
True
Is 3238897 composite?
True
Is 15679699 composite?
True
Is 167073143 composite?
True
Is 137584351 composite?
False
Is 49828657 prime?
True
Is 1621127 composite?
False
Is 37581911 composite?
True
Is 5254229 composite?
False
Is 15171631 composite?
True
Is 9683939 a prime number?
False
Is 79271 a prime number?
False
Is 76717803 composite?
True
Is 98487021 a composite number?
True
Is 2549693 a prime number?
False
Is 242039089 a composite number?
True
Is 1415929 a composite number?
False
Is 26495135 prime?
False
Is 237035 composite?
True
Is 1158942211 prime?
False
Is 6301219 prime?
False
Is 27379657 prime?
True
Is 96887827 a composite number?
False
Is 2018299 prime?
True
Is 8210723 composite?
False
Is 164149273 a composite number?
False
Is 1122840649 prime?
False
Is 3973531 a composite number?
False
Is 73574902 a prime number?
False
Is 8313353 composite?
False
Is 9450557 composite?
False
Is 314887085 a composite number?
True
Is 64455761 composite?
True
Is 292235081 prime?
True
Is 4532471 a prime number?
True
Is 8826799 prime?
False
Is 3940931 composite?
False
Is 399485783 prime?
False
Is 510628081 prime?
False
Is 52588121 a composite number?
True
Is 1958021 prime?
False
Is 205542509 composite?
False
Is 635081 a prime number?
False
Is 603714635 composite?
True
Is 1651151 a composite number?
False
Is 11429699 a prime number?
True
Is 80837443 a prime number?
False
Is 2088735623 a composite number?
True
Is 98955101 composite?
True
Is 66537181 a composite number?
False
Is 18252019 a composite number?
True
Is 18545305 a prime number?
False
Is 53657 prime?
True
Is 5337023 prime?
True
Is 36258357 a composite number?
True
Is 27130063 prime?
True
Is 18004493 a prime number?
False
Is 13171569 a prime number?
False
Is 31590161 a composite number?
False
Is 108161 a prime number?
True
Is 204566947 composite?
True
Is 4329733 composite?
False
Is 9662113 prime?
False
Is 1619831 prime?
True
Is 121912621 a prime number?
True
Is 55117441 a prime number?
True
Is 8287793 composite?
False
Is 85072891 prime?
False
Is 7193971 a prime number?
True
Is 14006411 composite?
False
Is 7698827 a prime number?
False
Is 104448863 prime?
False
Is 7026341 a prime number?
False
Is 3902873 a composite number?
True
Is 116771477 a composite number?
False
Is 908027 a composite number?
True
Is 1582223 a prime number?
False
Is 78104429 a prime number?
False
Is 3152923 a prime number?
False
Is 1857531511 a composite number?
True
Is 243943253 a composite number?
False
Is 757177 prime?
False
Is 51514051 a prime number?
True
Is 6804874 a prime number?
False
Is 80400566 a prime number?
False
Is 946799 a prime number?
False
Is 1103143 prime?
True
Is 51400621 prime?
True
Is 972779 a prime number?
False
Is 3341801 prime?
True
Is 573101 a composite number?
False
Is 966293 a prime number?
True
Is 2288093 a composite number?
True
Is 106481 prime?
False
Is 6929141 a prime number?
False
Is 22139867 composite?
True
Is 1586479 a prime number?
False
Is 3719939 prime?
True
Is 63708773 a prime number?
False
Is 10181791 a prime number?
False
Is 1261627 composite?
False
Is 9691 composite?
True
Is 56727619 a prime number?
False
Is 35500883 composite?
True
Is 26597651 composite?
False
Is 1356151 a composite number?
False
Is 5009807 a composite number?
True
Is 6004157 a composite number?
False
Is 3179641 a prime number?
False
Is 21382297 composite?
False
Is 66730255 a prime number?
False
Is 110698277 prime?
True
Is 795013 prime?
False
Is 2161883 composite?
False
Is 101072459 a prime number?
True
Is 3320209 composite?
True
Is 41361647 prime?
True
Is 19138373 prime?
True
Is 985867 composite?
False
Is 636697 a prime number?
True
Is 2001977 a prime number?
True
Is 25312661 prime?
False
Is 7325611 a composite number?
True
Is 31139329 prime?
False
Is 16732487 composite?
False
Is 28333813 a prime number?
False
Is 138349 prime?
True
Is 296797 prime?
True
Is 1340947 a composite number?
False
Is 172999 a prime number?
True
Is 99246133 prime?
False
Is 538199 composite?
False
Is 373513555 prime?
False
Is 558559783 a composite number?
True
Is 1202943767 prime?
True
Is 1643461 prime?
True
Is 21058861 prime?
False
Is 1777537 composite?
True
Is 20430533 a prime number?
False
Is 73544827 a prime number?
True
Is 129992029 a composite number?
False
Is 7988581 prime?
False
Is 108626809 composite?
True
Is 36691757 a prime number?
False
Is 15942233 prime?
False
Is 3179993 composite?
False
Is 1540367 a prime number?
True
Is 12307213 prime?
True
Is 703277 prime?
True
Is 1988317 composite?
True
Is 142602071 composite?
False
Is 5453453 a composite number?
False
Is 74487034 prime?
False
Is 255958597 prime?
True
Is 12281189 prime?
False
Is 44250001 a p